{"id":185,"date":"2025-06-07T15:24:31","date_gmt":"2025-06-07T15:24:31","guid":{"rendered":"https:\/\/zen-torvalds.87-106-62-186.plesk.page\/?page_id=185"},"modified":"2025-06-08T18:02:06","modified_gmt":"2025-06-08T18:02:06","slug":"kontakt","status":"publish","type":"page","link":"https:\/\/merziger-seniorenbetreuung.de\/index.php\/kontakt\/","title":{"rendered":"Services"},"content":{"rendered":"\t\t<div data-elementor-type=\"wp-page\" data-elementor-id=\"185\" class=\"elementor elementor-185\" data-elementor-post-type=\"page\">\n\t\t\t\t\t\t<section class=\"elementor-section elementor-top-section elementor-element elementor-element-5d9c9abc elementor-section-full_width elementor-section-height-default elementor-section-height-default\" data-id=\"5d9c9abc\" data-element_type=\"section\" data-settings=\"{&quot;background_background&quot;:&quot;classic&quot;}\">\n\t\t\t\t\t\t\t<div class=\"elementor-background-overlay\"><\/div>\n\t\t\t\t\t\t\t<div class=\"elementor-container elementor-column-gap-default\">\n\t\t\t\t\t<div class=\"elementor-column elementor-col-100 elementor-top-column elementor-element elementor-element-17c2d2b7\" data-id=\"17c2d2b7\" data-element_type=\"column\">\n\t\t\t<div class=\"elementor-widget-wrap elementor-element-populated\">\n\t\t\t\t\t\t<section class=\"elementor-section elementor-inner-section elementor-element elementor-element-62c2271c elementor-reverse-mobile elementor-section-boxed elementor-section-height-default elementor-section-height-default\" data-id=\"62c2271c\" data-element_type=\"section\" data-settings=\"{&quot;background_background&quot;:&quot;classic&quot;}\">\n\t\t\t\t\t\t<div class=\"elementor-container elementor-column-gap-default\">\n\t\t\t\t\t<div class=\"elementor-column elementor-col-50 elementor-inner-column elementor-element elementor-element-70873b83\" data-id=\"70873b83\" data-element_type=\"column\">\n\t\t\t<div class=\"elementor-widget-wrap elementor-element-populated\">\n\t\t\t\t\t\t<div class=\"elementor-element elementor-element-39d41282 elementor-widget elementor-widget-heading\" data-id=\"39d41282\" data-element_type=\"widget\" data-widget_type=\"heading.default\">\n\t\t\t\t<div class=\"elementor-widget-container\">\n\t\t\t\t\t<h2 class=\"elementor-heading-title elementor-size-default\">Merziger im  Detail<\/h2>\t\t\t\t<\/div>\n\t\t\t\t<\/div>\n\t\t\t\t<div class=\"elementor-element elementor-element-6b243aa4 elementor-widget elementor-widget-text-editor\" data-id=\"6b243aa4\" data-element_type=\"widget\" data-widget_type=\"text-editor.default\">\n\t\t\t\t<div class=\"elementor-widget-container\">\n\t\t\t\t\t\t\t\t\t<p>Die Merziger Seniorenbetreuung \u2013 lokal verwurzelt, pers\u00f6nlich engagiert.<br data-start=\"143\" data-end=\"146\" \/>Verl\u00e4ssliche Hilfe direkt aus Ihrer Region, mit Herz und Verstand.<\/p>\t\t\t\t\t\t\t\t<\/div>\n\t\t\t\t<\/div>\n\t\t\t\t<div class=\"elementor-element elementor-element-5cba309 elementor-mobile-align-center elementor-align-left elementor-widget elementor-widget-button\" data-id=\"5cba309\" data-element_type=\"widget\" data-widget_type=\"button.default\">\n\t\t\t\t<div class=\"elementor-widget-container\">\n\t\t\t\t\t\t\t\t\t<div class=\"elementor-button-wrapper\">\n\t\t\t\t\t<a class=\"elementor-button elementor-button-link elementor-size-xs\" href=\"tel:01726343722\">\n\t\t\t\t\t\t<span class=\"elementor-button-content-wrapper\">\n\t\t\t\t\t\t<span class=\"elementor-button-icon\">\n\t\t\t\t<svg aria-hidden=\"true\" class=\"e-font-icon-svg e-fas-phone-alt\" viewBox=\"0 0 512 512\" xmlns=\"http:\/\/www.w3.org\/2000\/svg\"><path d=\"M497.39 361.8l-112-48a24 24 0 0 0-28 6.9l-49.6 60.6A370.66 370.66 0 0 1 130.6 204.11l60.6-49.6a23.94 23.94 0 0 0 6.9-28l-48-112A24.16 24.16 0 0 0 122.6.61l-104 24A24 24 0 0 0 0 48c0 256.5 207.9 464 464 464a24 24 0 0 0 23.4-18.6l24-104a24.29 24.29 0 0 0-14.01-27.6z\"><\/path><\/svg>\t\t\t<\/span>\n\t\t\t\t\t\t\t\t\t<span class=\"elementor-button-text\">Jetzt Anrufen<\/span>\n\t\t\t\t\t<\/span>\n\t\t\t\t\t<\/a>\n\t\t\t\t<\/div>\n\t\t\t\t\t\t\t\t<\/div>\n\t\t\t\t<\/div>\n\t\t\t\t\t<\/div>\n\t\t<\/div>\n\t\t\t\t<div class=\"elementor-column elementor-col-50 elementor-inner-column elementor-element elementor-element-48af6c6d\" data-id=\"48af6c6d\" data-element_type=\"column\" data-settings=\"{&quot;background_background&quot;:&quot;classic&quot;}\">\n\t\t\t<div class=\"elementor-widget-wrap elementor-element-populated\">\n\t\t\t\t\t<div class=\"elementor-background-overlay\"><\/div>\n\t\t\t\t\t\t<div class=\"elementor-element elementor-element-79679fa3 elementor-widget elementor-widget-image\" data-id=\"79679fa3\" data-element_type=\"widget\" data-widget_type=\"image.default\">\n\t\t\t\t<div class=\"elementor-widget-container\">\n\t\t\t\t\t\t\t\t\t\t\t\t\t\t\t<img fetchpriority=\"high\" decoding=\"async\" width=\"560\" height=\"639\" src=\"https:\/\/merziger-seniorenbetreuung.de\/wp-content\/uploads\/2025\/06\/heartbg.png\" class=\"attachment-full size-full wp-image-40\" alt=\"\" srcset=\"https:\/\/merziger-seniorenbetreuung.de\/wp-content\/uploads\/2025\/06\/heartbg.png 560w, https:\/\/merziger-seniorenbetreuung.de\/wp-content\/uploads\/2025\/06\/heartbg-263x300.png 263w\" sizes=\"(max-width: 560px) 100vw, 560px\" \/>\t\t\t\t\t\t\t\t\t\t\t\t\t\t\t<\/div>\n\t\t\t\t<\/div>\n\t\t\t\t\t<\/div>\n\t\t<\/div>\n\t\t\t\t\t<\/div>\n\t\t<\/section>\n\t\t\t\t\t<\/div>\n\t\t<\/div>\n\t\t\t\t\t<\/div>\n\t\t<\/section>\n\t\t\t\t<section class=\"elementor-section elementor-top-section elementor-element elementor-element-5653fa10 elementor-section-boxed elementor-section-height-default elementor-section-height-default\" data-id=\"5653fa10\" data-element_type=\"section\" data-settings=\"{&quot;background_background&quot;:&quot;classic&quot;}\">\n\t\t\t\t\t\t<div class=\"elementor-container elementor-column-gap-default\">\n\t\t\t\t\t<div class=\"elementor-column elementor-col-100 elementor-top-column elementor-element elementor-element-6c935248\" data-id=\"6c935248\" data-element_type=\"column\">\n\t\t\t<div class=\"elementor-widget-wrap elementor-element-populated\">\n\t\t\t\t\t\t<section class=\"elementor-section elementor-inner-section elementor-element elementor-element-7033b24 elementor-section-boxed elementor-section-height-default elementor-section-height-default\" data-id=\"7033b24\" data-element_type=\"section\">\n\t\t\t\t\t\t<div class=\"elementor-container elementor-column-gap-default\">\n\t\t\t\t\t<div class=\"elementor-column elementor-col-100 elementor-inner-column elementor-element elementor-element-12178088\" data-id=\"12178088\" data-element_type=\"column\">\n\t\t\t<div class=\"elementor-widget-wrap elementor-element-populated\">\n\t\t\t\t\t\t<div class=\"elementor-element elementor-element-8e6fb6 elementor-widget elementor-widget-heading\" data-id=\"8e6fb6\" data-element_type=\"widget\" data-widget_type=\"heading.default\">\n\t\t\t\t<div class=\"elementor-widget-container\">\n\t\t\t\t\t<h2 class=\"elementor-heading-title elementor-size-default\">Merziger Im Detail<\/h2>\t\t\t\t<\/div>\n\t\t\t\t<\/div>\n\t\t\t\t<div class=\"elementor-element elementor-element-626ca2bc elementor-widget elementor-widget-text-editor\" data-id=\"626ca2bc\" data-element_type=\"widget\" data-widget_type=\"text-editor.default\">\n\t\t\t\t<div class=\"elementor-widget-container\">\n\t\t\t\t\t\t\t\t\t<p>Wir stehen f\u00fcr echte N\u00e4he, pers\u00f6nliche Unterst\u00fctzung und liebevolle Begleitung im Alltag. Regional verwurzelt und mit viel Herz k\u00fcmmern wir uns darum, dass Sie oder Ihre Angeh\u00f6rigen sich gut aufgehoben f\u00fchlen \u2013 Tag f\u00fcr Tag, mit Vertrauen und Respekt.\u00a0<\/p>\t\t\t\t\t\t\t\t<\/div>\n\t\t\t\t<\/div>\n\t\t\t\t<div class=\"elementor-element elementor-element-5452ad4 e-n-tabs-mobile elementor-widget elementor-widget-n-tabs\" data-id=\"5452ad4\" data-element_type=\"widget\" data-settings=\"{&quot;tabs_justify_horizontal&quot;:&quot;center&quot;,&quot;horizontal_scroll&quot;:&quot;disable&quot;}\" data-widget_type=\"nested-tabs.default\">\n\t\t\t\t<div class=\"elementor-widget-container\">\n\t\t\t\t\t\t\t<div class=\"e-n-tabs\" data-widget-number=\"88419028\" aria-label=\"Tabs. Open items with Enter or Space, close with Escape and navigate using the Arrow keys.\">\n\t\t\t<div class=\"e-n-tabs-heading\" role=\"tablist\">\n\t\t\t\t\t<button id=\"e-n-tab-title-884190281\" class=\"e-n-tab-title\" aria-selected=\"true\" data-tab-index=\"1\" role=\"tab\" tabindex=\"0\" aria-controls=\"e-n-tab-content-884190281\" style=\"--n-tabs-title-order: 1;\">\n\t\t\t\t\t\t<span class=\"e-n-tab-title-text\">\n\t\t\t\tAlltagshilfe\t\t\t<\/span>\n\t\t<\/button>\n\t\t\t\t<button id=\"e-n-tab-title-884190282\" class=\"e-n-tab-title\" aria-selected=\"false\" data-tab-index=\"2\" role=\"tab\" tabindex=\"-1\" aria-controls=\"e-n-tab-content-884190282\" style=\"--n-tabs-title-order: 2;\">\n\t\t\t\t\t\t<span class=\"e-n-tab-title-text\">\n\t\t\t\tHaushaltshilfe\t\t\t<\/span>\n\t\t<\/button>\n\t\t\t\t<button id=\"e-n-tab-title-884190283\" class=\"e-n-tab-title\" aria-selected=\"false\" data-tab-index=\"3\" role=\"tab\" tabindex=\"-1\" aria-controls=\"e-n-tab-content-884190283\" style=\"--n-tabs-title-order: 3;\">\n\t\t\t\t\t\t<span class=\"e-n-tab-title-text\">\n\t\t\t\tGesellschaft und Betreuung\t\t\t<\/span>\n\t\t<\/button>\n\t\t\t\t<button id=\"e-n-tab-title-884190284\" class=\"e-n-tab-title\" aria-selected=\"false\" data-tab-index=\"4\" role=\"tab\" tabindex=\"-1\" aria-controls=\"e-n-tab-content-884190284\" style=\"--n-tabs-title-order: 4;\">\n\t\t\t\t\t\t<span class=\"e-n-tab-title-text\">\n\t\t\t\tIndividuelle Beratung\t\t\t<\/span>\n\t\t<\/button>\n\t\t\t\t\t<\/div>\n\t\t\t<div class=\"e-n-tabs-content\">\n\t\t\t\t<div id=\"e-n-tab-content-884190281\" role=\"tabpanel\" aria-labelledby=\"e-n-tab-title-884190281\" data-tab-index=\"1\" style=\"--n-tabs-title-order: 1;\" class=\"e-active elementor-element elementor-element-dfae293 e-con-full e-flex e-con e-child\" data-id=\"dfae293\" data-element_type=\"container\">\n\t\t<div class=\"elementor-element elementor-element-874a13d e-con-full e-flex e-con e-child\" data-id=\"874a13d\" data-element_type=\"container\">\n\t\t\t\t<div class=\"elementor-element elementor-element-207719d elementor-widget elementor-widget-image\" data-id=\"207719d\" data-element_type=\"widget\" data-widget_type=\"image.default\">\n\t\t\t\t<div class=\"elementor-widget-container\">\n\t\t\t\t\t\t\t\t\t\t\t\t\t\t\t<img decoding=\"async\" width=\"685\" height=\"685\" src=\"https:\/\/merziger-seniorenbetreuung.de\/wp-content\/uploads\/2025\/06\/gal1.jpg\" class=\"attachment-large size-large wp-image-69\" alt=\"\" srcset=\"https:\/\/merziger-seniorenbetreuung.de\/wp-content\/uploads\/2025\/06\/gal1.jpg 685w, https:\/\/merziger-seniorenbetreuung.de\/wp-content\/uploads\/2025\/06\/gal1-300x300.jpg 300w, https:\/\/merziger-seniorenbetreuung.de\/wp-content\/uploads\/2025\/06\/gal1-100x100.jpg 100w, https:\/\/merziger-seniorenbetreuung.de\/wp-content\/uploads\/2025\/06\/gal1-600x600.jpg 600w, https:\/\/merziger-seniorenbetreuung.de\/wp-content\/uploads\/2025\/06\/gal1-150x150.jpg 150w\" sizes=\"(max-width: 685px) 100vw, 685px\" \/>\t\t\t\t\t\t\t\t\t\t\t\t\t\t\t<\/div>\n\t\t\t\t<\/div>\n\t\t\t\t<\/div>\n\t\t<div class=\"elementor-element elementor-element-2679240 e-con-full e-flex e-con e-child\" data-id=\"2679240\" data-element_type=\"container\">\n\t\t\t\t<div class=\"elementor-element elementor-element-4978458 elementor-widget elementor-widget-heading\" data-id=\"4978458\" data-element_type=\"widget\" data-widget_type=\"heading.default\">\n\t\t\t\t<div class=\"elementor-widget-container\">\n\t\t\t\t\t<h2 class=\"elementor-heading-title elementor-size-default\">Alltagshilfe mit Merziger<\/h2>\t\t\t\t<\/div>\n\t\t\t\t<\/div>\n\t\t\t\t<div class=\"elementor-element elementor-element-cca73fc elementor-widget elementor-widget-text-editor\" data-id=\"cca73fc\" data-element_type=\"widget\" data-widget_type=\"text-editor.default\">\n\t\t\t\t<div class=\"elementor-widget-container\">\n\t\t\t\t\t\t\t\t\t<p>Viele allt\u00e4gliche Aufgaben werden im Alter zunehmend zur Herausforderung. Unsere Alltagshilfe ist daf\u00fcr da, Ihnen genau dort zur Seite zu stehen, wo Sie Unterst\u00fctzung ben\u00f6tigen. Ob wir Sie zum Arzt begleiten, bei Eink\u00e4ufen helfen, gemeinsam Formulare ausf\u00fcllen oder einfach mit Ihnen spazieren gehen \u2013 wir passen uns Ihren Bed\u00fcrfnissen an. Dabei legen wir gro\u00dfen Wert auf Zuverl\u00e4ssigkeit, Vertrauen und respektvollen Umgang. Unser Ziel ist es, Ihnen den Alltag zu erleichtern und gleichzeitig Ihre Selbstst\u00e4ndigkeit so lange wie m\u00f6glich zu erhalten.<\/p>\t\t\t\t\t\t\t\t<\/div>\n\t\t\t\t<\/div>\n\t\t\t\t<\/div>\n\t\t\t\t<\/div>\n\t\t<div id=\"e-n-tab-content-884190282\" role=\"tabpanel\" aria-labelledby=\"e-n-tab-title-884190282\" data-tab-index=\"2\" style=\"--n-tabs-title-order: 2;\" class=\" elementor-element elementor-element-b8dfaa6 e-con-full e-flex e-con e-child\" data-id=\"b8dfaa6\" data-element_type=\"container\">\n\t\t<div class=\"elementor-element elementor-element-b4583ea e-con-full e-flex e-con e-child\" data-id=\"b4583ea\" data-element_type=\"container\">\n\t\t\t\t<div class=\"elementor-element elementor-element-b86cf4b elementor-widget elementor-widget-image\" data-id=\"b86cf4b\" data-element_type=\"widget\" data-widget_type=\"image.default\">\n\t\t\t\t<div class=\"elementor-widget-container\">\n\t\t\t\t\t\t\t\t\t\t\t\t\t\t\t<img decoding=\"async\" width=\"685\" height=\"685\" src=\"https:\/\/merziger-seniorenbetreuung.de\/wp-content\/uploads\/2025\/06\/gal3.jpg\" class=\"attachment-large size-large wp-image-65\" alt=\"\" srcset=\"https:\/\/merziger-seniorenbetreuung.de\/wp-content\/uploads\/2025\/06\/gal3.jpg 685w, https:\/\/merziger-seniorenbetreuung.de\/wp-content\/uploads\/2025\/06\/gal3-300x300.jpg 300w, https:\/\/merziger-seniorenbetreuung.de\/wp-content\/uploads\/2025\/06\/gal3-100x100.jpg 100w, https:\/\/merziger-seniorenbetreuung.de\/wp-content\/uploads\/2025\/06\/gal3-600x600.jpg 600w, https:\/\/merziger-seniorenbetreuung.de\/wp-content\/uploads\/2025\/06\/gal3-150x150.jpg 150w\" sizes=\"(max-width: 685px) 100vw, 685px\" \/>\t\t\t\t\t\t\t\t\t\t\t\t\t\t\t<\/div>\n\t\t\t\t<\/div>\n\t\t\t\t<\/div>\n\t\t<div class=\"elementor-element elementor-element-a031320 e-con-full e-flex e-con e-child\" data-id=\"a031320\" data-element_type=\"container\">\n\t\t\t\t<div class=\"elementor-element elementor-element-6acbeda elementor-widget elementor-widget-heading\" data-id=\"6acbeda\" data-element_type=\"widget\" data-widget_type=\"heading.default\">\n\t\t\t\t<div class=\"elementor-widget-container\">\n\t\t\t\t\t<h2 class=\"elementor-heading-title elementor-size-default\">Haushaltshilfe<\/h2>\t\t\t\t<\/div>\n\t\t\t\t<\/div>\n\t\t\t\t<div class=\"elementor-element elementor-element-d78c5b9 elementor-widget elementor-widget-text-editor\" data-id=\"d78c5b9\" data-element_type=\"widget\" data-widget_type=\"text-editor.default\">\n\t\t\t\t<div class=\"elementor-widget-container\">\n\t\t\t\t\t\t\t\t\t<p>Ein sauberer und gut organisierter Haushalt tr\u00e4gt entscheidend zum Wohlbefinden bei \u2013 doch mit zunehmendem Alter kann genau das zur Belastung werden. Unsere Haushaltshilfe unterst\u00fctzt Sie zuverl\u00e4ssig bei allen anfallenden Aufgaben: vom Staubsaugen und Wischen \u00fcber das W\u00e4schewaschen bis hin zum Bettenmachen und leichten K\u00fcchenarbeiten. Wir arbeiten diskret, respektvoll und mit Blick auf Ihre individuellen Gewohnheiten. So bleibt Ihr Zuhause ein Ort zum Wohlf\u00fchlen \u2013 und Sie haben mehr Zeit und Energie f\u00fcr die sch\u00f6nen Dinge des Lebens.<\/p>\t\t\t\t\t\t\t\t<\/div>\n\t\t\t\t<\/div>\n\t\t\t\t<\/div>\n\t\t\t\t<\/div>\n\t\t<div id=\"e-n-tab-content-884190283\" role=\"tabpanel\" aria-labelledby=\"e-n-tab-title-884190283\" data-tab-index=\"3\" style=\"--n-tabs-title-order: 3;\" class=\" elementor-element elementor-element-800bbbc e-con-full e-flex e-con e-child\" data-id=\"800bbbc\" data-element_type=\"container\">\n\t\t<div class=\"elementor-element elementor-element-4e46199 e-con-full e-flex e-con e-child\" data-id=\"4e46199\" data-element_type=\"container\">\n\t\t\t\t<div class=\"elementor-element elementor-element-08622ab elementor-widget elementor-widget-image\" data-id=\"08622ab\" data-element_type=\"widget\" data-widget_type=\"image.default\">\n\t\t\t\t<div class=\"elementor-widget-container\">\n\t\t\t\t\t\t\t\t\t\t\t\t\t\t\t<img loading=\"lazy\" decoding=\"async\" width=\"685\" height=\"685\" src=\"https:\/\/merziger-seniorenbetreuung.de\/wp-content\/uploads\/2025\/06\/gal5.jpg\" class=\"attachment-large size-large wp-image-60\" alt=\"\" srcset=\"https:\/\/merziger-seniorenbetreuung.de\/wp-content\/uploads\/2025\/06\/gal5.jpg 685w, https:\/\/merziger-seniorenbetreuung.de\/wp-content\/uploads\/2025\/06\/gal5-300x300.jpg 300w, https:\/\/merziger-seniorenbetreuung.de\/wp-content\/uploads\/2025\/06\/gal5-100x100.jpg 100w, https:\/\/merziger-seniorenbetreuung.de\/wp-content\/uploads\/2025\/06\/gal5-600x600.jpg 600w, https:\/\/merziger-seniorenbetreuung.de\/wp-content\/uploads\/2025\/06\/gal5-150x150.jpg 150w\" sizes=\"(max-width: 685px) 100vw, 685px\" \/>\t\t\t\t\t\t\t\t\t\t\t\t\t\t\t<\/div>\n\t\t\t\t<\/div>\n\t\t\t\t<\/div>\n\t\t<div class=\"elementor-element elementor-element-0dfa212 e-con-full e-flex e-con e-child\" data-id=\"0dfa212\" data-element_type=\"container\">\n\t\t\t\t<div class=\"elementor-element elementor-element-a768860 elementor-widget elementor-widget-heading\" data-id=\"a768860\" data-element_type=\"widget\" data-widget_type=\"heading.default\">\n\t\t\t\t<div class=\"elementor-widget-container\">\n\t\t\t\t\t<h2 class=\"elementor-heading-title elementor-size-default\">Gesellschaft und Betreuung<\/h2>\t\t\t\t<\/div>\n\t\t\t\t<\/div>\n\t\t\t\t<div class=\"elementor-element elementor-element-98fc8fa elementor-widget elementor-widget-text-editor\" data-id=\"98fc8fa\" data-element_type=\"widget\" data-widget_type=\"text-editor.default\">\n\t\t\t\t<div class=\"elementor-widget-container\">\n\t\t\t\t\t\t\t\t\t<p>So wichtig k\u00f6rperliche Unterst\u00fctzung ist, so wertvoll sind auch zwischenmenschliche N\u00e4he und pers\u00f6nliche Zuwendung. Unsere Gesellschafts- und Betreuungsangebote richten sich an Menschen, die sich im Alltag Begleitung, Gespr\u00e4che oder einfach mehr Lebensfreude w\u00fcnschen. Ob beim Vorlesen, Spazierengehen, Kaffeetrinken, Spielen oder einfach Zuh\u00f6ren \u2013 wir sind f\u00fcr Sie da. Mit Herz, Geduld und echter Anteilnahme schaffen wir Momente, die verbinden, aktivieren und st\u00e4rken. Denn echte Betreuung bedeutet f\u00fcr uns: da sein \u2013 nicht nur mit der Hand, sondern auch mit dem Herzen.<\/p>\t\t\t\t\t\t\t\t<\/div>\n\t\t\t\t<\/div>\n\t\t\t\t<\/div>\n\t\t\t\t<\/div>\n\t\t<div id=\"e-n-tab-content-884190284\" role=\"tabpanel\" aria-labelledby=\"e-n-tab-title-884190284\" data-tab-index=\"4\" style=\"--n-tabs-title-order: 4;\" class=\" elementor-element elementor-element-0f62c1f e-con-full e-flex e-con e-child\" data-id=\"0f62c1f\" data-element_type=\"container\">\n\t\t<div class=\"elementor-element elementor-element-df88c2d e-flex e-con-boxed e-con e-child\" data-id=\"df88c2d\" data-element_type=\"container\">\n\t\t\t\t\t<div class=\"e-con-inner\">\n\t\t\t\t<div class=\"elementor-element elementor-element-a3c8b96 elementor-headline--style-highlight elementor-widget elementor-widget-animated-headline\" data-id=\"a3c8b96\" data-element_type=\"widget\" data-settings=\"{&quot;highlighted_text&quot;:&quot;Beratung&quot;,&quot;headline_style&quot;:&quot;highlight&quot;,&quot;marker&quot;:&quot;circle&quot;,&quot;loop&quot;:&quot;yes&quot;,&quot;highlight_animation_duration&quot;:1200,&quot;highlight_iteration_delay&quot;:8000}\" data-widget_type=\"animated-headline.default\">\n\t\t\t\t<div class=\"elementor-widget-container\">\n\t\t\t\t\t\t\t<h3 class=\"elementor-headline\">\n\t\t\t\t\t<span class=\"elementor-headline-plain-text elementor-headline-text-wrapper\">Individuelle<\/span>\n\t\t\t\t<span class=\"elementor-headline-dynamic-wrapper elementor-headline-text-wrapper\">\n\t\t\t\t\t<span class=\"elementor-headline-dynamic-text elementor-headline-text-active\">Beratung<\/span>\n\t\t\t\t<\/span>\n\t\t\t\t<\/h3>\n\t\t\t\t\t\t<\/div>\n\t\t\t\t<\/div>\n\t\t\t\t<div class=\"elementor-element elementor-element-12fffb4 elementor-widget elementor-widget-text-editor\" data-id=\"12fffb4\" data-element_type=\"widget\" data-widget_type=\"text-editor.default\">\n\t\t\t\t<div class=\"elementor-widget-container\">\n\t\t\t\t\t\t\t\t\t<p>Jede Lebenssituation ist anders \u2013 deshalb nehmen wir uns Zeit f\u00fcr ein pers\u00f6nliches Gespr\u00e4ch. In unserer kostenfreien Erstberatung kl\u00e4ren wir gemeinsam, welche Unterst\u00fctzung am besten zu Ihnen oder Ihren Angeh\u00f6rigen passt. Ob zu Hause, telefonisch oder bei uns vor Ort: Wir h\u00f6ren zu, beantworten Ihre Fragen und entwickeln ein Betreuungskonzept, das genau auf Ihre Bed\u00fcrfnisse abgestimmt ist. Unverbindlich, ehrlich und mit dem Ziel, das Leben ein St\u00fcck leichter zu machen.<\/p>\t\t\t\t\t\t\t\t<\/div>\n\t\t\t\t<\/div>\n\t\t\t\t<div class=\"elementor-element elementor-element-9a4e9cb elementor-widget-divider--view-line elementor-widget elementor-widget-divider\" data-id=\"9a4e9cb\" data-element_type=\"widget\" data-widget_type=\"divider.default\">\n\t\t\t\t<div class=\"elementor-widget-container\">\n\t\t\t\t\t\t\t<div class=\"elementor-divider\">\n\t\t\t<span class=\"elementor-divider-separator\">\n\t\t\t\t\t\t<\/span>\n\t\t<\/div>\n\t\t\t\t\t\t<\/div>\n\t\t\t\t<\/div>\n\t\t\t\t\t<\/div>\n\t\t\t\t<\/div>\n\t\t\t\t<\/div>\n\t\t\t\t\t<\/div>\n\t\t<\/div>\n\t\t\t\t\t\t<\/div>\n\t\t\t\t<\/div>\n\t\t\t\t\t<\/div>\n\t\t<\/div>\n\t\t\t\t\t<\/div>\n\t\t<\/section>\n\t\t\t\t\t<\/div>\n\t\t<\/div>\n\t\t\t\t\t<\/div>\n\t\t<\/section>\n\t\t\t\t<section class=\"elementor-section elementor-top-section elementor-element elementor-element-1ce5d2bf elementor-section-full_width elementor-section-height-default elementor-section-height-default\" data-id=\"1ce5d2bf\" data-element_type=\"section\">\n\t\t\t\t\t\t<div class=\"elementor-container elementor-column-gap-default\">\n\t\t\t\t\t<div class=\"elementor-column elementor-col-100 elementor-top-column elementor-element elementor-element-57ac6d8e\" data-id=\"57ac6d8e\" data-element_type=\"column\">\n\t\t\t<div class=\"elementor-widget-wrap elementor-element-populated\">\n\t\t\t\t\t\t<section class=\"elementor-section elementor-inner-section elementor-element elementor-element-49233ad2 elementor-section-boxed elementor-section-height-default elementor-section-height-default\" data-id=\"49233ad2\" data-element_type=\"section\">\n\t\t\t\t\t\t<div class=\"elementor-container elementor-column-gap-default\">\n\t\t\t\t\t<div class=\"elementor-column elementor-col-100 elementor-inner-column elementor-element elementor-element-2b83ae50\" data-id=\"2b83ae50\" data-element_type=\"column\" data-settings=\"{&quot;background_background&quot;:&quot;classic&quot;}\">\n\t\t\t<div class=\"elementor-widget-wrap elementor-element-populated\">\n\t\t\t\t\t<div class=\"elementor-background-overlay\"><\/div>\n\t\t\t\t\t\t<div class=\"elementor-element elementor-element-2dba51fd elementor-widget elementor-widget-heading\" data-id=\"2dba51fd\" data-element_type=\"widget\" data-widget_type=\"heading.default\">\n\t\t\t\t<div class=\"elementor-widget-container\">\n\t\t\t\t\t<h2 class=\"elementor-heading-title elementor-size-default\">Hast du noch Fragen?<\/h2>\t\t\t\t<\/div>\n\t\t\t\t<\/div>\n\t\t\t\t<div class=\"elementor-element elementor-element-4f9a1f9b elementor-widget elementor-widget-text-editor\" data-id=\"4f9a1f9b\" data-element_type=\"widget\" data-widget_type=\"text-editor.default\">\n\t\t\t\t<div class=\"elementor-widget-container\">\n\t\t\t\t\t\t\t\t\t<p>Gerne Beantworten wir dir offene Fragen pers\u00f6nlich.<\/p>\t\t\t\t\t\t\t\t<\/div>\n\t\t\t\t<\/div>\n\t\t\t\t<div class=\"elementor-element elementor-element-e0fcc22 elementor-mobile-align-center elementor-align-center elementor-widget elementor-widget-button\" data-id=\"e0fcc22\" data-element_type=\"widget\" data-widget_type=\"button.default\">\n\t\t\t\t<div class=\"elementor-widget-container\">\n\t\t\t\t\t\t\t\t\t<div class=\"elementor-button-wrapper\">\n\t\t\t\t\t<a class=\"elementor-button elementor-button-link elementor-size-xs\" href=\"tel:01726343722\">\n\t\t\t\t\t\t<span class=\"elementor-button-content-wrapper\">\n\t\t\t\t\t\t<span class=\"elementor-button-icon\">\n\t\t\t\t<svg aria-hidden=\"true\" class=\"e-font-icon-svg e-fas-phone-alt\" viewBox=\"0 0 512 512\" xmlns=\"http:\/\/www.w3.org\/2000\/svg\"><path d=\"M497.39 361.8l-112-48a24 24 0 0 0-28 6.9l-49.6 60.6A370.66 370.66 0 0 1 130.6 204.11l60.6-49.6a23.94 23.94 0 0 0 6.9-28l-48-112A24.16 24.16 0 0 0 122.6.61l-104 24A24 24 0 0 0 0 48c0 256.5 207.9 464 464 464a24 24 0 0 0 23.4-18.6l24-104a24.29 24.29 0 0 0-14.01-27.6z\"><\/path><\/svg>\t\t\t<\/span>\n\t\t\t\t\t\t\t\t\t<span class=\"elementor-button-text\">Jetzt Anrufen<\/span>\n\t\t\t\t\t<\/span>\n\t\t\t\t\t<\/a>\n\t\t\t\t<\/div>\n\t\t\t\t\t\t\t\t<\/div>\n\t\t\t\t<\/div>\n\t\t\t\t\t<\/div>\n\t\t<\/div>\n\t\t\t\t\t<\/div>\n\t\t<\/section>\n\t\t\t\t\t<\/div>\n\t\t<\/div>\n\t\t\t\t\t<\/div>\n\t\t<\/section>\n\t\t\t\t<\/div>\n\t\t","protected":false},"excerpt":{"rendered":"<p>Merziger im Detail Die Merziger Seniorenbetreuung \u2013 lokal verwurzelt, pers\u00f6nlich engagiert.Verl\u00e4ssliche Hilfe direkt aus Ihrer Region, mit Herz und Verstand. Jetzt Anrufen Merziger Im Detail Wir stehen f\u00fcr echte N\u00e4he, pers\u00f6nliche Unterst\u00fctzung und liebevolle Begleitung im Alltag. Regional verwurzelt und mit viel Herz k\u00fcmmern wir uns darum, dass Sie oder Ihre Angeh\u00f6rigen sich gut aufgehoben [&hellip;]<\/p>\n","protected":false},"author":1,"featured_media":0,"parent":0,"menu_order":0,"comment_status":"closed","ping_status":"closed","template":"elementor_header_footer","meta":{"footnotes":""},"class_list":["post-185","page","type-page","status-publish","hentry"],"_links":{"self":[{"href":"https:\/\/merziger-seniorenbetreuung.de\/index.php\/wp-json\/wp\/v2\/pages\/185","targetHints":{"allow":["GET"]}}],"collection":[{"href":"https:\/\/merziger-seniorenbetreuung.de\/index.php\/wp-json\/wp\/v2\/pages"}],"about":[{"href":"https:\/\/merziger-seniorenbetreuung.de\/index.php\/wp-json\/wp\/v2\/types\/page"}],"author":[{"embeddable":true,"href":"https:\/\/merziger-seniorenbetreuung.de\/index.php\/wp-json\/wp\/v2\/users\/1"}],"replies":[{"embeddable":true,"href":"https:\/\/merziger-seniorenbetreuung.de\/index.php\/wp-json\/wp\/v2\/comments?post=185"}],"version-history":[{"count":14,"href":"https:\/\/merziger-seniorenbetreuung.de\/index.php\/wp-json\/wp\/v2\/pages\/185\/revisions"}],"predecessor-version":[{"id":276,"href":"https:\/\/merziger-seniorenbetreuung.de\/index.php\/wp-json\/wp\/v2\/pages\/185\/revisions\/276"}],"wp:attachment":[{"href":"https:\/\/merziger-seniorenbetreuung.de\/index.php\/wp-json\/wp\/v2\/media?parent=185"}],"curies":[{"name":"wp","href":"https:\/\/api.w.org\/{rel}","templated":true}]}}